Does 159 divide 2321640?
False
Is 314685 a multiple of 135?
True
Is 1895660 a multiple of 598?
True
Does 15 divide 179705?
False
Is 68 a factor of 1978460?
True
Is 32 a factor of 1004352?
True
Does 488 divide 58998?
False
Is 25 a factor of 373492?
False
Is 4 a factor of 18688?
True
Is 36240 a multiple of 453?
True
Is 18 a factor of 33029?
False
Is 13935 a multiple of 135?
False
Is 178409 a multiple of 100?
False
Is 123 a factor of 42927?
True
Is 31 a factor of 200484?
False
Does 368 divide 3427920?
True
Is 12 a factor of 27828?
True
Does 128 divide 468992?
True
Does 82 divide 931476?
False
Is 12 a factor of 10148051?
False
Is 20 a factor of 14815?
False
Does 747 divide 10902472?
False
Is 428 a factor of 1892399?
False
Does 857 divide 1761698?
False
Is 8 a factor of 105?
False
Is 11 a factor of 9624500?
False
Does 29 divide 3229717?
False
Is 2842840 a multiple of 994?
True
Is 546 a factor of 10895763?
False
Is 69164 a multiple of 112?
False
Does 14 divide 1616684?
False
Does 1119 divide 378222?
True
Is 12730011 a multiple of 2481?
True
Does 88 divide 3143008?
True
Is 5958756 a multiple of 618?
True
Is 1193850 a multiple of 225?
True
Is 158 a factor of 652162?
False
Is 21300 a multiple of 30?
True
Does 4 divide 15692?
True
Does 139 divide 12253684?
True
Is 73340 a multiple of 38?
True
Is 14 a factor of 629944?
True
Is 23 a factor of 369887?
False
Does 12 divide 3567504?
True
Is 322 a factor of 4438?
False
Does 82 divide 2277960?
True
Does 73 divide 3268064?
True
Is 865788 a multiple of 132?
True
Does 14 divide 25715?
False
Is 29133 a multiple of 4?
False
Does 14 divide 79114?
True
Is 1397964 a multiple of 97?
True
Does 16 divide 60816?
True
Is 245 a factor of 207515?
True
Does 4 divide 3672776?
True
Is 14909136 a multiple of 12?
True
Does 664 divide 30974?
False
Is 144 a factor of 403776?
True
Is 3 a factor of 625599?
True
Does 139 divide 18904?
True
Does 2 divide 296009?
False
Is 4807660 a multiple of 36?
False
Is 1021920 a multiple of 3?
True
Does 134 divide 1321240?
True
Is 150553 a multiple of 13?
True
Is 263886 a multiple of 366?
True
Does 74 divide 4650183?
False
Is 1153084 a multiple of 46?
False
Is 232528 a multiple of 8?
True
Is 45108 a multiple of 30?
False
Is 103352 a multiple of 8?
True
Does 55 divide 275076?
False
Is 23 a factor of 151932?
False
Is 260898 a multiple of 34?
False
Is 4540420 a multiple of 5?
True
Is 31 a factor of 1936818?
True
Is 5500374 a multiple of 20?
False
Is 298 a factor of 8671204?
True
Does 11 divide 2500839?
True
Does 201 divide 640185?
True
Is 405374 a multiple of 278?
False
Is 89237 a multiple of 44?
False
Is 8 a factor of 88960?
True
Is 173041 a multiple of 439?
False
Is 147676 a multiple of 42?
False
Does 207 divide 337480?
False
Does 48 divide 3971711?
False
Is 9 a factor of 856647?
True
Does 40 divide 405120?
True
Is 26 a factor of 22710324?
True
Is 21150 a multiple of 3?
True
Does 308 divide 1676176?
False
Does 1781 divide 25837137?
False
Is 1983265 a multiple of 43?
False
Does 49 divide 567763?
True
Does 164 divide 574874?
False
Does 140 divide 4106620?
True
Does 740 divide 197011?
False
Is 1269312 a multiple of 81?
False
Does 7 divide 4291147?
True
Does 12 divide 129546?
False
Is 3421676 a multiple of 4?
True
Is 673 a factor of 6901615?
True
Does 526 divide 399234?
True
Is 18169096 a multiple of 26?
False
Is 16128 a multiple of 12?
True
Is 38 a factor of 42484?
True
Is 14 a factor of 430319?
False
Does 215 divide 2937115?
True
Is 5835249 a multiple of 63?
True
Does 188 divide 20693158?
False
Is 2250893 a multiple of 11?
False
Is 19 a factor of 10402021?
False
Is 21 a factor of 3141075?
True
Is 8 a factor of 453215?
False
Is 8 a factor of 140399?
False
Does 16 divide 1650208?
True
Is 1376 a factor of 19279136?
True
Is 458 a factor of 16839974?
False
Is 576665 a multiple of 29?
True
Does 860 divide 1101660?
True
Is 4877200 a multiple of 1424?
True
Does 571 divide 1518946?
False
Is 248473 a multiple of 40?
False
Is 68 a factor of 115260?
True
Is 20 a factor of 72701?
False
Is 2956486 a multiple of 338?
True
Is 514446 a multiple of 6?
True
Does 11 divide 7398776?
True
Is 176880 even?
True
Is 3 a factor of 610092?
True
Is 5 a factor of 113199?
False
Does 61 divide 1457473?
True
Is 10 a factor of 50430?
True
Does 375 divide 418688?
False
Is 784976 a multiple of 609?
False
Is 17 a factor of 786964?
True
Is 18 a factor of 1499076?
True
Is 105 a factor of 912508?
False
Is 29 a factor of 4334891?
True
Does 404 divide 4677098?
False
Is 189 a factor of 284478?
False
Does 87 divide 2023794?
True
Is 9 a factor of 135756?
True
Does 42 divide 6810379?
False
Does 24 divide 908424?
True
Does 51 divide 546261?
True
Does 556 divide 493728?
True
Does 9 divide 90584?
False
Is 3951675 a multiple of 325?
True
Is 169008 a multiple of 6?
True
Is 5054526 a multiple of 21?
False
Is 311927 a multiple of 10?
False
Does 80 divide 2080?
True
Is 3149804 a multiple of 146?
True
Is 17 a factor of 77895?
False
Does 170 divide 210290?
True
Is 587733 a multiple of 82?
False
Is 13 a factor of 249730?
True
Is 322606 a multiple of 372?
False
Does 165 divide 291390?
True
Is 10358084 a multiple of 42?
False
Does 22 divide 4318454?
False
Does 29 divide 558714?
True
Is 11557386 a multiple of 12?
False
Is 56 a factor of 122994?
False
Is 52773 a multiple of 49?
True
Is 6630300 a multiple of 60?
True
Does 9 divide 29475?
True
Does 8 divide 5918?
False
Does 27 divide 17491459?
False
Is 11 a factor of 7869345?
True
Is 21 a factor of 29757?
True
Does 5 divide 1131495?
True
Does 43 divide 377701?
False
Does 453 divide 182106?
True
Does 165 divide 4695388?
False
Is 2334841 a multiple of 104?
False
Does 74 divide 536426?
True
Does 28 divide 7607149?
False
Does 9 divide 2458836?
True
Does 55 divide 428083?
False
Is 1242425 a multiple of 19?
False
Is 395601 a multiple of 4?
False
Does 21 divide 54417?
False
Is 25 a factor of 2535950?
True
Does 272 divide 1980432?
True
Is 36390 a multiple of 68?
False
Does 82 divide 1284366?
True
Is 640146 a multiple of 371?
False
Is 4700231 a multiple of 1077?
False
Is 3270861 a multiple of 11?
True
Is 377 a factor of 213385?
False
Is 71 a factor of 2651353?
True
Does 101 divide 1242393?
False
Is 904535 a multiple of 38?
False
Is 30956 a multiple of 142?
True
Does 13 divide 25883156?
True
Does 13 divide 29561?
False
Is 86 a factor of 145082?
True
Does 38 divide 135763?
False
Is 349056 a multiple of 144?
True
Is 402184 a multiple of 978?
False
Is 1098324 a multiple of 151?
False
Is 19 a factor of 188423?
True
Is 7359161 a multiple of 431?
False
Is 215673 a multiple of 111?
True
Is 3199686 a multiple of 259?
True
Is 46 a factor of 64204?
False
Is 43512 a multiple of 42?
True
Is 626 a factor of 3303361?
False
Is 2969566 a multiple of 302?
True
Is 3567726 a multiple of 58?
False
Does 26 divide 83694?
True
Is 1742 a factor of 12077286?
True
Is 2135 a multiple of 34?
False
Does 630 divide 211250?
False
Does 623 divide 4169116?
True
Does 381 divide 1908429?
True
Is 832726 a multiple of 73?
False
Is 33799 a multiple of 3?
False
Is 115 a factor of 305218?
False
Is 3809604 a multiple of 501?
True
Does 6 divide 95311?
False
Is 10 a factor of 265790?
True
Is 64496 a multiple of 4?
True
Is 45 a factor of 1951515?
True
Does 7 divide 112469?
True
Is 87 a factor of 1474128?
True
Is 47 a factor of 444385?
True
Is 17529 even?
False
Is 14812171 a multiple of 220?
False
Is 5316026 a multiple of 157?
False
Does 8 divide 33040?
True
Does 13 divide 1454865?
False
Is 204952 a multiple of 22?
True
Does 248 divide 1060448?
True
Is 128 a factor of 81152?
True
Is 2 a factor of 969279?
False
Is 202 a factor of 1703668?
True
Does 145 divide 10605?
False
Is 7843120 a multiple of 615?
False
Is 6739386 a multiple of 48?
False
Does 330 divide 18316?
False
Is 147 a factor of 1826475?
True
Is 24 a factor of 74162?
False
Does 13 divide 6637106?
False
Is 1327976 a multiple of 52?
True
Does 349 divide 675664?
True
Does 30 divide 467723?
False
Does 4 divide 37487?
False
Does 726 divide 397122?
True
Is 77 a factor of 700854?
True
Does 209 divide 316783?
False
Is 251 a factor of 10977234?
True
Does 75 divide 493200?
True
Is 103965 a multiple of 15?
True
Is 40 a factor of 19926520?
True
Is 366 a factor of 70447?
False
Does 351 divide 1975077?
True
Is 15 a fa